oes 32 divide 10128512?
True
Is 269 a factor of 1661791?
False
Is 355 a factor of 853401?
False
Is 655160 a multiple of 52?
False
Is 11112 a multiple of 2?
True
Is 543 a factor of 1631105?
False
Is 23 a factor of 1392742?
True
Is 1141724 a multiple of 94?
True
Is 80 a factor of 362838?
False
Does 16 divide 28368?
True
Is 166320 a multiple of 45?
True
Does 269 divide 152369?
False
Is 154 a factor of 123354?
True
Is 23 a factor of 1396903?
False
Is 118 a factor of 3487535?
False
Is 15153158 a multiple of 18?
False
Does 39 divide 43387?
False
Is 921798 a multiple of 169?
False
Does 12 divide 138216?
True
Does 63 divide 1647513?
True
Does 32 divide 471584?
True
Does 172 divide 18068?
False
Is 3021876 a multiple of 81?
False
Is 56 a factor of 513800?
True
Does 606 divide 284655?
False
Is 7343232 a multiple of 131?
False
Is 15 a factor of 184575?
True
Is 624397 a multiple of 368?
False
Does 29 divide 2568298?
True
Is 11 a factor of 24426?
False
Does 115 divide 237820?
True
Does 349 divide 783854?
True
Does 31 divide 151311?
True
Is 240 a factor of 8958957?
False
Is 6 a factor of 4424?
False
Is 1331392 a multiple of 334?
False
Does 5 divide 33989?
False
Is 27 a factor of 300609?
False
Is 12 a factor of 2577624?
True
Does 506 divide 1972413?
False
Is 12 a factor of 1667566?
False
Is 6 a factor of 385412?
False
Is 804378 a multiple of 158?
True
Does 15 divide 287885?
False
Is 51368 a multiple of 211?
False
Is 449 a factor of 762876?
False
Is 13 a factor of 126880?
True
Is 1002168 a multiple of 124?
True
Is 148929 a multiple of 3?
True
Is 123390 a multiple of 10?
True
Does 24 divide 1272173?
False
Is 13 a factor of 138072?
False
Does 25 divide 210372?
False
Is 120 a factor of 710040?
True
Is 12 a factor of 30244308?
True
Is 7 a factor of 106998?
False
Is 3 a factor of 2334?
True
Is 20 a factor of 4374720?
True
Does 1003 divide 1500405?
False
Is 726504 a multiple of 419?
False
Does 26 divide 608920?
True
Is 12339 a multiple of 44?
False
Is 91257 a multiple of 7?
False
Does 1587 divide 8235450?
False
Is 256 a factor of 635648?
True
Is 32 a factor of 24918720?
True
Is 88 a factor of 242700?
False
Is 26 a factor of 952640?
True
Is 222651 a multiple of 117?
True
Is 827377 a multiple of 100?
False
Is 44100 a multiple of 7?
True
Is 12 a factor of 17424?
True
Does 1352 divide 19671600?
True
Is 33669 a multiple of 129?
True
Is 148500 a multiple of 10?
True
Is 9 a factor of 3544402?
False
Does 188 divide 10368?
False
Does 212 divide 274156?
False
Is 537 a factor of 2926346?
False
Is 33 a factor of 5484?
False
Is 245726 a multiple of 99?
False
Is 7345275 a multiple of 105?
True
Does 9 divide 144186?
False
Is 2 a factor of 57116?
True
Is 290547 a multiple of 27?
True
Is 8 a factor of 120005?
False
Is 16 a factor of 412418?
False
Does 204 divide 4241568?
True
Is 6 a factor of 6026326?
False
Does 8 divide 594496?
True
Is 4 a factor of 149340?
True
Is 86 a factor of 205833?
False
Is 37 a factor of 427128?
True
Is 277407 a multiple of 20?
False
Is 193581 a multiple of 69?
False
Does 15 divide 1107765?
True
Is 248 a factor of 35464?
True
Is 441 a factor of 2307753?
True
Is 966025 a multiple of 31?
False
Is 29026 a multiple of 69?
False
Is 364 a factor of 2540637?
False
Is 268827 a multiple of 113?
True
Does 18 divide 111724?
False
Is 229777 a multiple of 21?
False
Does 4 divide 16934?
False
Is 329925 a multiple of 159?
True
Is 207044 a multiple of 18?
False
Does 26 divide 3710198?
False
Does 210 divide 4134060?
True
Does 106 divide 1251023?
False
Is 18 a factor of 137083?
False
Is 19 a factor of 1458032?
False
Is 5 a factor of 2686082?
False
Is 118610 a multiple of 143?
False
Does 22 divide 356752?
True
Is 361025 a multiple of 7?
True
Does 35 divide 260260?
True
Does 52 divide 10452?
True
Does 22 divide 3206192?
True
Is 32 a factor of 19202?
False
Does 171 divide 11885508?
False
Is 1892990 a multiple of 110?
True
Is 101435 a multiple of 190?
False
Is 56 a factor of 52338?
False
Is 33 a factor of 19590579?
False
Is 20 a factor of 130300?
True
Is 40 a factor of 307458?
False
Does 4 divide 40721?
False
Is 5 a factor of 1206610?
True
Is 2436555 a multiple of 25?
False
Is 8916852 a multiple of 12?
True
Is 31 a factor of 1627779?
True
Does 388 divide 1678126?
False
Is 9 a factor of 1109025?
True
Is 21 a factor of 1835778?
True
Does 404 divide 243612?
True
Is 64 a factor of 10894479?
False
Is 46 a factor of 60651?
False
Is 1049636 a multiple of 7?
True
Is 492254 a multiple of 98?
True
Does 179 divide 3165227?
False
Is 11 a factor of 2566556?
False
Is 78 a factor of 24179532?
True
Does 481 divide 476050?
False
Is 13800 a multiple of 60?
True
Does 330 divide 66000?
True
Is 7530 a multiple of 282?
False
Does 42 divide 231030?
False
Does 34 divide 1071322?
False
Is 273226 a multiple of 210?
False
Is 398800 a multiple of 271?
False
Does 1537 divide 31402901?
False
Does 8 divide 1479640?
True
Is 2644644 a multiple of 292?
True
Is 31 a factor of 14530816?
True
Does 75 divide 224475?
True
Is 46 a factor of 262660?
True
Is 11 a factor of 12287720?
False
Is 10592307 a multiple of 275?
False
Is 20 a factor of 1801720?
True
Does 61 divide 45750?
True
Is 3107180 a multiple of 364?
False
Does 46 divide 176497?
False
Does 249 divide 30402?
False
Does 339 divide 118766?
False
Is 4 a factor of 149574?
False
Is 462 a factor of 1941786?
True
Is 2339045 a multiple of 61?
True
Is 446 a factor of 404968?
True
Does 106 divide 156774?
True
Is 32 a factor of 2808071?
False
Does 988 divide 4475640?
True
Is 247 a factor of 6281197?
False
Is 159 a factor of 593070?
True
Does 102 divide 229398?
True
Does 43 divide 1593988?
False
Is 542 a factor of 331162?
True
Is 962938 a multiple of 205?
False
Is 250 a factor of 469000?
True
Is 505 a factor of 2264332?
False
Is 839 a factor of 3886248?
True
Is 620576 a multiple of 43?
True
Is 1905450 a multiple of 150?
True
Is 146 a factor of 127458?
True
Does 28 divide 1285726?
False
Is 7 a factor of 771169?
True
Is 859 a factor of 231930?
True
Is 135 a factor of 974025?
True
Is 2129999 a multiple of 1009?
True
Does 110 divide 16644?
False
Is 12 a factor of 12096?
True
Is 309 a factor of 168714?
True
Does 13 divide 98748?
True
Is 2739688 a multiple of 153?
False
Does 14 divide 583816?
False
Does 690 divide 2222558?
False
Is 16 a factor of 147360?
True
Does 3 divide 99245?
False
Is 5021196 a multiple of 74?
True
Does 170 divide 5846183?
False
Is 111 a factor of 8161358?
False
Is 702667 a multiple of 259?
True
Is 21 a factor of 9955323?
True
Does 7 divide 5512605?
True
Does 4 divide 202116?
True
Does 12 divide 147588?
True
Is 111397 a multiple of 451?
True
Is 535 a factor of 118185?
False
Is 827 a factor of 635963?
True
Is 57027 a multiple of 10?
False
Is 44 a factor of 2569508?
False
Is 18998 a multiple of 95?
False
Is 975940 a multiple of 35?
True
Is 90132 a multiple of 6?
True
Does 14 divide 694120?
True
Does 1317 divide 20877084?
True
Is 63130 a multiple of 118?
True
Is 2 a factor of 3909684?
True
Is 89349 a multiple of 87?
True
Is 229 a factor of 519372?
True
Does 372 divide 141732?
True
Does 27 divide 116910?
True
Is 636 a factor of 2378004?
True
Is 8 a factor of 678100?
False
Is 139 a factor of 1825668?
False
Does 27 divide 32211?
True
Is 2 a factor of 597?
False
Does 139 divide 23398?
False
Is 290655 a multiple of 45?
True
Is 12 a factor of 2071524?
True
Is 169247 a multiple of 22?
False
Does 57 divide 1812836?
False
Does 8 divide 66846?
False
Is 11116644 a multiple of 454?
True
Is 199746 a multiple of 274?
True
Does 58 divide 3784441?
False
Is 106 a factor of 149807?
False
Is 9 a factor of 3094185?
False
Is 289 a factor of 953149?
False
Is 64309 even?
False
Is 106856 a multiple of 53?
False
Does 101 divide 245476?
False
Does 156 divide 162447?
False
Is 299782 a multiple of 49?
True
Is 180 a factor of 959673?
False
Does 369 divide 1982271?
False
Is 464892 a multiple of 57?
True
Is 12087394 a multiple of 18?
False
Is 623 a factor of 1389915?
False
Is 23057 a multiple of 8?
False
Does 51 divide 233937?
True
Does 496 divide 24636189?
False
Is 7 a factor of 46332?
False
Is 44140 a multiple of 2?
True
Does 5 divide 26240?
True
Is 138312 a multiple of 17?
True
Does 82 divide 346790?
False
Is 40942 a multiple of 22?
True
Is 4309034 a multiple of 25?
False
Is 248237 